e 10) to base 15.
5da6d9
Convert -110101110000010100110101 (base 2) to base 13.
-2bc5012
What is -156636 (base 10) in base 4?
-212033130
Convert 3224014140 (base 5) to base 3.
110220112220021
Convert -10220200002021 (base 3) to base 12.
-84378a
What is -6313506 (base 7) in base 3?
-1102121112000
What is -39aab1 (base 14) in base 16?
-1e58a3
What is 15220705 (base 8) in base 5?
1342411203
Convert 143678a (base 12) to base 8.
17357732
53312045 (base 6) to base 2
101111110000000111101
What is 6339a9 (base 11) in base 16?
f7e86
Convert 220b99 (base 13) to base 9.
1451640
-1110010100101000 (base 2) to base 8
-162450
Convert -55623245 (base 7) to base 4.
-102112333130
Convert -22011201212 (base 3) to base 7.
-1240100
2150447 (base 8) to base 3
1002100122011
Convert -2330244 (base 6) to base 2.
-11101011100110100
11301340 (base 5) to base 13
38068
What is 201125043 (base 6) in base 3?
20102121202000
What is 3065 (base 16) in base 15?
3a0e
Convert -2112202211021 (base 3) to base 10.
-1353625
What is -32013400 (base 5) in base 12?
-10a431
What is 111011010111000011010110 (base 2) in base 13?
32baa59
Convert 291983 (base 12) to base 9.
1256850
What is 367648 (base 10) in base 15?
73ded
Convert -1001011100110001111011 (base 2) to base 13.
-6896b3
What is 35435235 (base 6) in base 8?
4166407
What is 336206 (base 9) in base 13?
70872
Convert -99014 (base 10) to base 11.
-68433
What is -43282 (base 10) in base 12?
-2106a
-1000111100010110 (base 2) to base 6
-441330
What is -358c5c (base 16) in base 11?
-1a8768a
Convert a44983 (base 11) to base 12.
6897b6
-9a6a9 (base 15) to base 8
-1676604
What is 1522052 (base 10) in base 13?
413a2c
-1110011101001111000000 (base 2) to base 14
-709172
251cc1 (base 13) to base 10
889773
3347870 (base 10) to base 5
1324112440
What is -25295d (base 14) in base 7?
-13560246
Convert -bbc39 (base 13) to base 10.
-340414
What is -1000200101201 (base 3) in base 5?
-114413402
What is -1100101001110111111011 (base 2) in base 5?
-1322122433
What is 26216a (base 12) in base 11?
398165
Convert -655622 (base 7) to base 11.
-7933a
121103112 (base 4) to base 12
4bb86
572a5 (base 13) to base 11
a9224
a9cad (base 16) to base 15
db0e9
What is 102020030102 (base 4) in base 11?
27563a3
-125134523 (base 6) to base 10
-2485491
What is 69722 (base 12) in base 5?
14003002
Convert -631410 (base 7) to base 10.
-108591
-26848 (base 16) to base 5
-20022033
What is 126448 (base 12) in base 6?
10242532
-a210ca (base 13) to base 9
-7078702
Convert -112120201222 (base 3) to base 13.
-a0859
-32221132 (base 4) to base 14
-17c18
Convert 5335403 (base 7) to base 15.
cbe08
1c56c (base 13) to base 11
38a72
Convert 212323021332 (base 4) to base 3.
201012101221120
Convert 1347466 (base 8) to base 16.
5cf36
What is 125cd1 (base 14) in base 6?
21304515
-252705 (base 11) to base 13
-10c6b7
What is 3001221324 (base 5) in base 16?
59c35a
2015015 (base 6) to base 10
95699
What is 23243143 (base 5) in base 4?
303311022
What is 35bab2 (base 15) in base 8?
11635050
Convert -5668648 (base 9) to base 15.
-405ca2
54202045 (base 6) to base 11
9a4932
Convert 316410 (base 10) to base 5.
40111120
What is 2411222134 (base 5) in base 2?
10101001111111011110110
What is 23360076 (base 8) in base 7?
61244346
What is 44793 (base 11) in base 3?
10021221101
Convert -141343330 (base 5) to base 14.
-15060a
Convert 11201210022200 (base 3) to base 13.
6a0b45
-b1688 (base 15) to base 3
-1001112112202
Convert -123300332321 (base 4) to base 2.
-11011110000111110111001
-100120002210 (base 3) to base 10
-188157
-85d97 (base 14) to base 10
-323729
What is -11010001000000011100 (base 2) in base 3?
-1121111100010
Convert -450a (base 12) to base 14.
-2adc
What is -3784 (base 11) in base 5?
-124212
Convert b9a33 (base 12) to base 5.
30321002
What is -142030134 (base 7) in base 16?
-8dee2c
Convert 12212012210 (base 3) to base 6.
2245550
What is 13051520 (base 6) in base 11?
271723
Convert 50002335 (base 6) to base 5.
324301433
-5c1c (base 13) to base 8
-31356
Convert d6bd6d (base 14) to base 2.
11011101011001111111101
-10221012110211 (base 3) to base 16
-1fe595
Convert -1011460 (base 7) to base 3.
-20010110211
What is 112023042 (base 5) in base 8?
1723617
-232566 (base 8) to base 7
-446653
-221310221 (base 4) to base 6
-3401025
What is -2797713 (base 10) in base 12?
-b2b069
What is 142032233 (base 6) in base 2?
1011000011010010111101
Convert 2210100020 (base 3) to base 11.
382a1
What is 16ab0b2 (base 12) in base 7?
54665411
What is 100110111100000 (base 3) in base 16?
4cbc15
1000111001000100 (base 2) to base 13
13767
Convert -21002051 (base 7) to base 12.
-711815
What is 141205030 (base 6) in base 11?
1685844
What is 266401 (base 7) in base 2?
1100010001100011
What is 141211440 (base 5) in base 9?
1325632
What is 474065 (base 9) in base 15?
59718
What is -200303110 (base 5) in base 16?
-c11f6
Convert 639054 (base 10) to base 2.
10011100000001001110
What is -101122012 (base 6) in base 5?
-421041310
Convert a70034 (base 11) to base 8.
6421612
Convert 296588 (base 10) to base 4.
1020122030
Convert 170167 (base 9) to base 8.
315236
-57 (base 8) to base 16
-2f
What is -14104031 (base 5) in base 8?
-431612
327791 (base 10) to base 4
1100001233
Convert -eee7d (base 16) to base 3.
-1211201022212
What is 1023141 (base 5) in base 3?
212201121
Convert -26b406 (base 12) to base 9.
-1177176
Convert -20201212 (base 5) to base 12.
-7a18a
What is -94953 (base 10) in base 16?
-172e9
Convert -35111511 (base 6) to base 16.
-1084c3
-1650624 (base 9) to base 2
-11100000011000001000
Convert 255545 (base 6) to base 15.
6d9b
What is -3788740 (base 10) in base 11?
-215859a
Convert 4205462 (base 7) to base 16.
7b935
What is 22462624 (base 8) in base 13?
1019315
What is 15141014 (base 7) in base 3?
2201002022202
Convert -125055223 (base 6) to base 15.
-33ee10
Convert -117310 (base 10) to base 5.
-12223220
What is 2021000102 (base 3) in base 8?
126700
Convert 10010100110100011000100 (base 2) to base 12.
1772058
Convert -12223355 (base 7) to base 9.
-2053735
What is 3056126 (base 8) in base 16?
c5c56
What is -12002122012 (base 3) in base 12?
-4a095
What is -10452600 (base 7) in base 14?
-197500
6503243 (base 10) to base 9
13211685
Convert -222314314 (base 5) to base 8.
-3570606
What is -55b81 (base 13) in base 3?
-21220122200
Convert -1150619 (base 10) to base 5.
-243304434
What is 2011212330 (base 4) in base 6?
15421340
What is 10310543 (base 7) in base 14?
18b693
What is -2114442 (base 8) in base 14?
-1094d4
What is 37077 (base 9) in base 11?
17747
12b5c1 (base 13) to base 16
6ebd0
Convert -1001000001101 (base 2) to base 4.
-1020031
-100076 (base 8) to base 5
-2022310
Convert 111001101001001011011 (base 2) to base 10.
1888859
Convert 15a67a (base 12) to base 8.
1324076
Convert -122320031133 (base 4) to base 16.
-6b835f
1000022011202 (base 3) to base 9
1008152
What is -323603123 (base 7) in base 10?
-19396373
20a38 (base 11) to base 8
73505
What is -12221001121 (base 3) in base 12?
-57637
-11214102 (base 5) to base 9
-163671
Convert -11210031001 (base 4) to base 3.
-2202010101101
Convert 2e5 (base 16) to base 6.
3233
-5c156 (base 14) to base 10
-225280
Convert 25d14 (base 16) to base 5.
14424100
-10265423 (base 9) to base 10
-4944423
What is -1aba99 (base 13) in base 4?
-2212232012
-335233 (base 7) to base 5
-3400321
Convert -5736 (base 15) to base 2.
-100100001000101
What is 10525436 (base 7) in base 15?
130d98
What is -144402424 (base 5) in base 9?
-1415787
Convert -138229 (base 10) to base 16.
-21bf5
-30505141 (base 8) to base 5
-3123123303
What is -2135130 (base 6) in base 16?
-19e7e
Convert 1553610 (base 8) to base 10.
448392
-462182 (base 13) to base 9
-3111665
Convert 252321 (base 10) to base 13.
8ab04
Convert 121202110 (base 3) to base 7.
50421
Convert -64129 (base 10) to base 13.
-23260
What is 30120222212 (base 4) in base 10?
3246758
Convert -4931968 (base 10) to base 9.
-10246344
Convert 1310354 (base 7) to base 5.
20430112
What is -3496a (base 12) in base 11?
-48a6a
-f75dd6 (base 16) to base 4
-331311313112
2416178 (base 9) to base 2
100111111110111010101
-2064983 (base 10) to base 4
-13320021113
-1582346 (base 9) to base 14
-18d069
Convert -672386 (base 11) to base 15.
-16290c
Convert -606460 (base 7) to base 3.